at is 131 (base 7) in base 16?
47
Convert 13 (base 14) to base 3.
122
2 (base 12) to base 10
2
What is -10111011 (base 2) in base 5?
-1222
What is 3 (base 12) in base 10?
3
-2 (base 16) to base 13
-2
Convert -11001 (base 2) to base 8.
-31
Convert 24 (base 11) to base 16.
1a
-1 (base 11) to base 3
-1
What is 11 (base 13) in base 11?
13
Convert -15 (base 8) to base 9.
-14
5 (base 7) to base 2
101
-1 (base 9) to base 16
-1
-3 (base 4) to base 10
-3
Convert 34 (base 10) to base 15.
24
What is -22 (base 3) in base 4?
-20
-5 (base 10) to base 14
-5
-a (base 11) to base 8
-12
-2 (base 5) to base 12
-2
Convert 2c (base 15) to base 13.
33
What is -4 (base 5) in base 10?
-4
What is -6 (base 11) in base 6?
-10
What is -19 (base 12) in base 8?
-25
a4 (base 11) to base 4
1302
32 (base 6) to base 12
18
-2 (base 16) to base 14
-2
What is -4 (base 5) in base 7?
-4
Convert 13 (base 7) to base 2.
1010
35 (base 16) to base 4
311
Convert -27 (base 9) to base 12.
-21
Convert 21 (base 3) to base 12.
7
26 (base 7) to base 6
32
What is -3 (base 14) in base 11?
-3
What is -122 (base 3) in base 13?
-14
-18 (base 16) to base 15
-19
-3 (base 13) to base 12
-3
What is -1000 (base 2) in base 14?
-8
Convert 9 (base 14) to base 10.
9
-44 (base 5) to base 4
-120
Convert -11 (base 13) to base 11.
-13
What is -22 (base 5) in base 12?
-10
What is -1d (base 16) in base 11?
-27
Convert -67 (base 16) to base 3.
-10211
What is 84 (base 14) in base 2?
1110100
What is -4 (base 5) in base 8?
-4
What is -1 (base 10) in base 7?
-1
-13 (base 11) to base 2
-1110
-9 (base 10) to base 13
-9
24 (base 5) to base 9
15
What is 20002 (base 3) in base 9?
202
What is -173 (base 8) in base 15?
-83
Convert 8 (base 10) to base 12.
8
Convert 32 (base 4) to base 7.
20
What is 2a (base 15) in base 11?
37
-58 (base 10) to base 9
-64
31 (base 4) to base 6
21
Convert -303 (base 4) to base 10.
-51
-2 (base 16) to base 7
-2
13 (base 4) to base 5
12
-10 (base 5) to base 3
-12
-21 (base 4) to base 7
-12
What is -263 (base 9) in base 8?
-333
19 (base 13) to base 5
42
Convert 11 (base 9) to base 16.
a
What is -10 (base 2) in base 13?
-2
-6 (base 14) to base 4
-12
-7 (base 15) to base 5
-12
-d (base 16) to base 9
-14
233 (base 4) to base 14
35
What is -341 (base 5) in base 2?
-1100000
What is 1a (base 11) in base 9?
23
What is -2 (base 13) in base 5?
-2
Convert 401 (base 5) to base 8.
145
What is 10 (base 9) in base 14?
9
1 (base 14) to base 15
1
Convert 31 (base 6) to base 16.
13
12 (base 11) to base 5
23
Convert -2 (base 9) to base 8.
-2
-5 (base 15) to base 6
-5
What is -1a (base 13) in base 7?
-32
-122 (base 7) to base 11
-5a
2 (base 5) to base 16
2
-261 (base 8) to base 16
-b1
Convert -32 (base 4) to base 16.
-e
10 (base 2) to base 8
2
Convert 20 (base 4) to base 5.
13
-a (base 15) to base 8
-12
21 (base 5) to base 4
23
Convert 18 (base 11) to base 16.
13
Convert -15a (base 14) to base 13.
-183
Convert -1 (base 10) to base 13.
-1
What is -8 (base 11) in base 8?
-10
Convert 8 (base 10) to base 15.
8
What is 1001011 (base 2) in base 5?
300
Convert 11 (base 8) to base 7.
12
What is 2 (base 16) in base 13?
2
-150 (base 12) to base 6
-540
What is 0 (base 15) in base 5?
0
What is 3 (base 15) in base 10?
3
-a (base 14) to base 5
-20
Convert -32 (base 6) to base 5.
-40
Convert 3 (base 7) to base 5.
3
2 (base 3) to base 13
2
11 (base 2) to base 16
3
Convert 20 (base 3) to base 12.
6
Convert -8b (base 16) to base 15.
-94
195 (base 10) to base 7
366
-43 (base 7) to base 9
-34
What is -14 (base 15) in base 10?
-19
Convert 410 (base 5) to base 6.
253
Convert 150 (base 6) to base 11.
60
Convert 1002 (base 4) to base 3.
2110
1010 (base 3) to base 15
20
What is 5 (base 11) in base 4?
11
9 (base 11) to base 7
12
What is 8d (base 15) in base 2?
10000101
-1 (base 4) to base 8
-1
-3 (base 4) to base 2
-11
23 (base 11) to base 4
121
Convert 311 (base 4) to base 15.
38
What is -3 (base 11) in base 15?
-3
ee (base 16) to base 2
11101110
Convert -4 (base 14) to base 9.
-4
Convert -6 (base 9) to base 5.
-11
Convert 120 (base 5) to base 16.
23
-4 (base 10) to base 11
-4
What is 117 (base 10) in base 13?
90
-11 (base 4) to base 8
-5
-1 (base 14) to base 11
-1
What is 259 (base 11) in base 6?
1230
-10011 (base 3) to base 13
-67
Convert -15 (base 8) to base 2.
-1101
5 (base 16) to base 7
5
Convert 2 (base 3) to base 2.
10
What is -12 (base 6) in base 7?
-11
What is -2 (base 11) in base 6?
-2
2 (base 13) to base 10
2
What is 2 (base 14) in base 5?
2
What is 53 (base 15) in base 7?
141
-2 (base 14) to base 3
-2
What is 8 (base 9) in base 3?
22
Convert 29 (base 11) to base 12.
27
Convert 5 (base 13) to base 6.
5
What is 74 (base 12) in base 14?
64
167 (base 12) to base 9
267
What is -33 (base 5) in base 11?
-17
-93 (base 15) to base 5
-1023
Convert -11011 (base 2) to base 15.
-1c
8 (base 13) to base 12
8
What is 1 (base 3) in base 6?
1
1 (base 5) to base 4
1
Convert 3 (base 11) to base 12.
3
What is 67 (base 11) in base 13?
58
Convert 0 (base 15) to base 5.
0
Convert -26 (base 16) to base 12.
-32
What is -110 (base 2) in base 12?
-6
What is -6 (base 9) in base 14?
-6
What is 5 (base 16) in base 7?
5
-136 (base 7) to base 13
-5b
What is -38 (base 11) in base 12?
-35
132 (base 6) to base 14
40
3 (base 14) to base 9
3
What is 2120 (base 5) in base 13?
18c
What is -31 (base 6) in base 12?
-17
104 (base 5) to base 16
1d
Convert -2 (base 16) to base 4.
-2
125 (base 10) to base 3
11122
What is -23 (base 4) in base 12?
-b
What is 3 (base 13) in base 7?
3
Convert 1c (base 16) to base 15.
1d
-2 (base 14) to base 15
-2
Convert 13 (base 10) to base 4.
31
-175 (base 10) to base 5
-1200
Convert 2 (base 10) to base 2.
10
Convert f (base 16) to base 14.
11
Convert -1 (base 6) to base 8.
-1
Convert 134 (base 5) to base 14.
32
What is -a (base 15) in base 9?
-11
-111 (base 10) to base 13
-87
-134 (base 5) to base 6
-112
-320 (base 7) to base 11
-137
Convert 1 (base 3) to base 14.
1
What is 75 (base 10) in base 5?
300
5 (base 10) to base 12
5
1 (base 15) to base 13
1
What is 52 (base 9) in base 13?
38
c3 (base 13) to base 15
a9
What is 10 (base 11) in base 2?
1011
Convert 254 (base 6) to base 5.
411
Convert -24 (base 15) to base 14.
-26
What is -192 (base 12) in base 5?
-2004
What is -3 (base 11) in base 7?
-3
-3 (base 13) to base 2
-11
Convert -13 (base 12) to base 6.
-23
Convert 35 (base 10) to base 8.
43
4 (base 11) to base 10
4
What is -12 (base 9) in base 2?
-1011
-6 (base 11) to base 5
-11
What is 0 (base 13) in base 16?
0
10001 (base 2) to base 7
23
Convert -1122 (base 4) to base 10.
-90
Convert -10 (base 3) to base 13.
-3
-12c (base 16) to base 5
-2200
Convert -4 (base 8) to base 4.
-10
Convert 27 (base 9) to base 14.
1b
What is 5 (base 10) in base 6?
5
Convert -1200 (base 3) to base 16.
-2d
Convert -77 (base 15) to base 13.
-88
What is -41 (base 10) in base 6?
-105
Convert -6 (base 12) to base 10.
-6
Convert -213 (base 5) to base 11.
-53
What is -12020 (base 3) in base 8?
-215
What is -6 (base 12) in base 15?
-6
Convert -1 (base 11) to base 14.
-1
2 (base 11) to base 7
2
Convert 1101 (base 4) to base 10.
81
What is 4b (base 15) in base 10?
71
Convert -22 (base 9) to base 6.
-32
-11 (base 14) to base 2
-1111
What is -d (base 15) in base 10?
-13
32 (base 10) to base 15
22
What is -1 (base 3) in base 16?
-1
What is 8 (base 10) in base 14?
8
Convert 1 (base 4) to base 8.
1
What is 34 (base 14) in base 16?
2e
Convert 30 (base 5) to base 15.
10
Convert 1 (base 13) to base 6.
1
Convert 444 (base 5) to base 8.
174
Convert 14 (base 7) to base 15.
b
-235 (base 12) to base 3
-110012
Convert 1222 (base 3) to base 2.
110101
Convert 2424 (base 5) to base 11.
301
4 (base 10) to base 6
4
Convert -10 (base 7) to base 3.
-21
30 (base 7) to base 12
19
What is -4 (base 13) in base 9?
-4
What is 4 (base 5) in base 16?
4
-9 (base 13) to base 10
-9
Convert 3 (base 6) to base 3.
10
What is 24 (base 8) in base 5?
40
-27 (base 12) to base 3
-1011
Convert 4 (base 9) to base 12.
4
-3 (base 13) to base 5
-3
What is 1133 (base 4) in base 13?
74
Convert 28 (base 9) to base 7.
35
-1 (base 16) to base 7
-1
What is 4 (base 14) in base 2?
100
-100001011 (base 2) to base 8
-413
Convert -3 (base 6) to base 4.
-3
Convert 2 (base 14) to base 6.
2
What is -2 (base 14) in base 11?
-2
C